331
In base 3, what is -1000012 - -12?
-1000000
In base 13, what is -6 + 545?
53c
In base 2, what is 1000000100000 + -101?
1000000011011
In base 16, what is -5b + 13?
-48
In base 7, what is -45 + -114?
-162
In base 11, what is -31 + 30?
-1
In base 15, what is -3 - -428?
425
In base 2, what is 10010110 + 11?
10011001
In base 8, what is 12 - 1146?
-1134
In base 9, what is 1 + -57?
-56
In base 10, what is 2 - 4126?
-4124
In base 12, what is -76 + 1?
-75
In base 15, what is 29 + 19?
43
In base 10, what is -194 + -5?
-199
In base 10, what is 1 - 5?
-4
In base 7, what is -2016 - 4?
-2023
In base 6, what is 5 - -413?
422
In base 5, what is -1 + 2202?
2201
In base 6, what is -25 + -54?
-123
In base 16, what is -512 - 0?
-512
In base 12, what is -3a - 46?
-84
In base 9, what is 44 + 2?
46
In base 12, what is 7 + 1?
8
In base 16, what is -552 - -c?
-546
In base 8, what is 45 - -45?
112
In base 15, what is 2 + 132?
134
In base 4, what is -1233 + 10?
-1223
In base 5, what is 22 + -4113?
-4041
In base 13, what is -2 + -109b?
-10a0
In base 7, what is 3 + -464?
-461
In base 13, what is -4 - 7?
-b
In base 5, what is 1 - -31303?
31304
In base 13, what is 28 - 84?
-59
In base 12, what is 6 - -46?
50
In base 5, what is -212300 + 4?
-212241
In base 11, what is -29 + 6?
-23
In base 11, what is -567 - 0?
-567
In base 11, what is -3 + -451a?
-4522
In base 15, what is 1e - -17?
36
In base 7, what is 4322 + 1?
4323
In base 15, what is -3 - ad6?
-ad9
In base 10, what is 10 - 2826?
-2816
In base 11, what is 0 - -650?
650
In base 8, what is 1146 - 6?
1140
In base 8, what is -63 + 6?
-55
In base 6, what is 3 - 40?
-33
In base 10, what is 4 + -34?
-30
In base 2, what is 101100 + -1001000?
-11100
In base 4, what is -32 + -11?
-103
In base 4, what is 2123 - -13?
2202
In base 2, what is -1 + -10010111010?
-10010111011
In base 7, what is 244 - -2?
246
In base 16, what is -c3 + 0?
-c3
In base 6, what is -2 - 553?
-555
In base 16, what is 49 - 2f?
1a
In base 8, what is -72 + 11?
-61
In base 6, what is -411 - -12?
-355
In base 5, what is 3 + 14303?
14311
In base 6, what is -51 - 2?
-53
In base 4, what is 102 + 20?
122
In base 8, what is -1 - -415?
414
In base 9, what is -475 - -1?
-474
In base 13, what is -4 - -1a?
16
In base 4, what is -220 + -1313?
-2133
In base 12, what is -10 - -10?
0
In base 4, what is 100 + 313?
1013
In base 4, what is -30121 - 3?
-30130
In base 11, what is 3 - -26a?
272
In base 11, what is -53 + -32?
-85
In base 7, what is 23544 - -1?
23545
In base 8, what is 1734 + 0?
1734
In base 13, what is -3 - -840?
83a
In base 10, what is 9 + 9?
18
In base 2, what is -110111 + 110?
-110001
In base 6, what is -4540 - -3?
-4533
In base 6, what is -1511 - -4?
-1503
In base 9, what is 60 + 32?
102
In base 3, what is -12 + -1221022?
-1221111
In base 13, what is 4 + b?
12
In base 9, what is -108 - 5?
-114
In base 4, what is -301 + -11?
-312
In base 11, what is 8 - -159?
166
In base 8, what is 5355 - 3?
5352
In base 2, what is -11001101111 + 101?
-11001101010
In base 8, what is -341 + -41?
-402
In base 14, what is -43 - -d?
-34
In base 2, what is 0 - 10101100?
-10101100
In base 14, what is -4 + 21ad?
21a9
In base 5, what is -2 + -323?
-330
In base 13, what is 82 - -97?
149
In base 5, what is -14224 - -2?
-14222
In base 9, what is -56 - -5?
-51
In base 4, what is 112 - -10?
122
In base 3, what is -12 - -10001?
2212
In base 15, what is 3e - 2?
3c
In base 4, what is -3 - 3000?
-3003
In base 16, what is b4 + 95?
149
In base 15, what is -24 + -90?
-b4
In base 10, what is -19 + -29?
-48
In base 2, what is 11 - 10010100?
-10010001
In base 4, what is -301 - 2?
-303
In base 3, what is 122 - -210?
1102
In base 10, what is -129 + -16?
-145
In base 3, what is 10202001 + 2?
10202010
In base 2, what is -1101 + -1000?
-10101
In base 10, what is 87 - 4?
83
In base 14, what is 4 + 1?
5
In base 15, what is -7 + 80?
78
In base 12, what is -492 - -6?
-488
In base 13, what is 6535 - 5?
6530
In base 12, what is 4 + -a00?
-9b8
In base 13, what is -1 + -53a?
-53b
In base 9, what is 3 + 4468?
4472
In base 4, what is -10313 - -11?
-10302
In base 9, what is 141 + 1?
142
In base 6, what is -1245 + -52?
-1341
In base 5, what is 32 - -1023?
1110
In base 11, what is 5 - -1a9?
203
In base 3, what is 100012 + -20?
22222
In base 15, what is 4 + -126?
-122
In base 3, what is 1211011 + 1?
1211012
In base 4, what is -11 - 20?
-31
In base 4, what is 3303122 - -3?
3303131
In base 5, what is -220 + -22?
-242
In base 2, what is -10100100101 + -101?
-10100101010
In base 12, what is -69 + 2?
-67
In base 9, what is 217 + 71?
288
In base 14, what is -967 + 5?
-962
In base 11, what is 3 + 79a?
7a2
In base 16, what is -2 - 26?
-28
In base 9, what is -1 + 88?
87
In base 7, what is 243 - -222?
465
In base 15, what is -1e3 + -6?
-1e9
In base 16, what is -4 + 41?
3d
In base 14, what is -2817 - 1?
-2818
In base 14, what is -54d + 15?
-538
In base 4, what is -11 + -2131?
-2202
In base 2, what is 1101101 + -101?
1101000
In base 5, what is -2 + 30?
23
In base 16, what is -6e + -3?
-71
In base 12, what is -1aa + -5?
-1b3
In base 11, what is 22 - -222?
244
In base 5, what is -323 - 4?
-332
In base 7, what is 12 + -212?
-200
In base 13, what is 0 + -1a?
-1a
In base 9, what is -4 + 814?
810
In base 9, what is -212 - -3?
-208
In base 16, what is -f + 3?
-c
In base 13, what is b2 + -6?
a9
In base 11, what is -17 - 2a?
-46
In base 15, what is 3 - -2e?
32
In base 10, what is 847 - 0?
847
In base 11, what is 140 + 2?
142
In base 9, what is 2 - 364?
-362
In base 11, what is -94 - 4?
-98
In base 12, what is 243 + -4?
23b
In base 10, what is 0 + -42?
-42
In base 14, what is 73 + 5?
78
In base 9, what is 1 - 184?
-183
In base 11, what is -529 + 2?
-527
In base 14, what is 0 + 19?
19
In base 16, what is 3 + -5e?
-5b
In base 2, what is 100 - 1000?
-100
In base 4, what is -1 - -1323?
1322
In base 7, what is 33 - 0?
33
In base 11, what is 30 + 21?
51
In base 3, what is 1 - 1120?
-1112
In base 13, what is 36 + 4?
3a
In base 15, what is 286e - 2?
286c
In base 14, what is 19 - 1?
18
In base 15, what is 10 - 4?
b
In base 13, what is 1 - 3b?
-3a
In base 14, what is -143 + 33?
-110
In base 9, what is 1 + 106?
107
In base 16, what is 0 + 20?
20
In base 4, what is 0 + 221?
221
In base 12, what is 3 + 17?
1a
In base 13, what is -4 + 358?
354
In base 10, what is -7 + -19?
-26
In base 5, what is -20 + -310?
-330
In base 14, what is -2 + -1495?
-1497
In base 4, what is -3 + -332?
-1001
In base 12, what is -104 + 2?
-102
In base 10, what is -52 - 93?
-145
In base 3, what is -12120 - -10?
-12110
In base 4, what is 0 - 33310?
-33310
In base 5, what is -1 - -22?
21
In base 3, what is 1202 - -11?
1220
In base 5, what is -14 - -10002?
4433
In base 14, what is -3 - -1c6?
1c3
In base 2, what is -10001101011 - 1?
-10001101100
In base 3, what is 2002 - 2?
2000
In base 8, what is 4573 - 5?
4566
In base 14, what is -254c - 1?
-254d
In base 13, what is -4 - -1?
-3
In base 3, what is -11 - -100120?
100102
In base 4, what is 21 + 333?
1020
In base 14, what is 3 - 831?
-82c
In base 2, what is -10010 + 100110?
10100
In base 2, what is -101111 - -11101100?
10111101
In base 9, what is -4 + -33?
-37
In base 10, what is -90 - -12?
-78
In base 15, what is -6 - 64?
-6a
In base 4, what is 311 - -10?
321
In base 16, what is 3 + 10d7?
10da
In base 3, what is -2122 - -10?
-2112
In base 10, what is 20 + -485?
-465
In base 8, what is 255 + 4?
261
In base 10, what is -3 - 83?
-86
In base 5, what is 443041 - 3?
443033
In base 13, what is -173 + 0?
-173
In base 2, what is -1110101101011 - 0?
-1110101101011
In base 8, what is 174 + 0?
174
In base 9, what is 555 - 3?
552
In base 8, what is -2 + 652?
650
In base 10, what is -404 - 3?
-407
In base 4, what is -1111 - 2?
-1113
In base 14, what is -32d + 4?
-329
In base 9, what is -2 - -10847?
10845
In base 14, what is -2 - 9d?
-a1
In base 13, what is 1 - -73?
74
In base 4, what is 10 - 2330?
-2320
In base 5, what is -2 + 3043?
3041
In base 4, what is 121 + -3?
112
In base 6, what is 21043 - -5?
21052
In base 2, what is -100101 - 10000011?
-10101000
In base 9, what is 250 - 0?
250
In base 9, what is -1820 - 5?
-1825
In base 4, what is 333032 - 3?
333023
In base 13, what is 155 - 0?
155
In base 12, what is 4 - 154?
-150
In base 12, what is 